n 39 is divided by k?
7
Let s(x) = x**2 + 38*x - 590. Calculate the remainder when 149 is divided by s(-50).
9
Suppose -22 = -4*g + 38. Let b be 79/(-11) + 2/11. Let v(c) = -8*c. What is the remainder when v(b) is divided by g?
11
Suppose 4*o - 31 = -3*x + 6, 0 = 5*x - 3*o - 23. Let b = 6 + 7. What is the remainder when b is divided by x?
6
Suppose -2*w + 10 = j + 1, -3*w = -j - 6. Calculate the remainder when j is divided by 1.
0
Let l(s) = -s**2 - 6*s + 769. Calculate the remainder when 146 is divided by l(24).
48
Let i be (0*6/18)/((-2)/(-2)). Let u(q) = -q**2 - 3*q + 9. What is the remainder when 32 is divided by u(i)?
5
Suppose -198 = -y - 122. Calculate the remainder when y is divided by 20.
16
Let z be (11 - 15) + 82 + (1 - 0). Suppose 3*a - z = -4*s, -5*s - 58 = -2*a + 33. Calculate the remainder when 262 is divided by a.
31
Let l(m) be the first derivative of -m**4/4 + m**3/3 + 131*m + 3. Calculate the remainder when l(0) is divided by 33.
32
Let q = 601 - 74. Calculate the remainder when q is divided by 133.
128
Let t be (-1)/(-2) - 13/(-26). Calculate the remainder when 9/(18/56) + t is divided by 10.
9
Suppose 3*r = c + 3*c + 17, -5*c + 4*r - 22 = 0. Suppose -3*i + 126 = 3*o, -3*o - 4*i = -9*i - 150. What is the remainder when o is divided by (3 + -35)*c/4?
13
Suppose 0*n + 6 = 3*n. Suppose -n*i = 3*b - 3*i - 14, 4*i - 46 = -5*b. Let o(j) = -4*j. Calculate the remainder when b is divided by o(-1).
2
Calculate the remainder when ((-165)/(-9))/(((-121)/231)/(-11)) is divided by 30.
25
Let w(x) = -8*x - 88. What is the remainder when 430 is divided by w(-17)?
46
Let k = 133 - 91. Let p = 0 - -2. Suppose p + 5 = -2*i - 5*n, 0 = -4*i + 2*n + 46. What is the remainder when k is divided by i?
6
Let b = 263 - 202. Calculate the remainder when b is divided by 2 + -4 + 2 + 31.
30
Suppose 12*c + 4*g + 234 = 15*c, 0 = -3*c - 4*g + 210. Calculate the remainder when 515 is divided by c.
71
Suppose -5*t + 56 = -2*i, 3*t - 16*i + 15*i - 33 = 0. What is the remainder when 102 is divided by t?
2
Let d(u) = -12*u**3 - 2*u**2 - u + 2. Let o be d(2). Let a = 85 - 147. Let h = a - o. What is the remainder when h is divided by 11?
9
Suppose -4*h + 2*n + 49 = 13, -2*n - 26 = -3*h. Let p = 20 + -15. Suppose -2*o - 147 = -p*o. Calculate the remainder when o is divided by h.
9
Let a(l) be the first derivative of -5*l**2/2 - 24*l + 5. What is the remainder when a(-7) is divided by 5?
1
Let x(a) = 69*a - 16. Let g = 11 + -5. Let c be x(g). Let m = c + -276. What is the remainder when m is divided by 31?
29
Suppose 30*b = 26*b - 12. Calculate the remainder when 31 is divided by 3/(-18)*b + 208/32.
3
Let i(o) = -5*o - 2. What is the remainder when 69 is divided by i(-4)?
15
Suppose 52*b = 41*b + 297. Let z be (-4)/10 + 32/5. Suppose z*n - 3*n = b. Calculate the remainder when 14 is divided by n.
5
Suppose 2*u - 69 = -3*r, 2*r - u = 28 + 25. What is the remainder when 449 is divided by r?
24
Let p = 106 + -88. Let f = 97 - 27. Calculate the remainder when f is divided by p.
16
Let u(h) be the third derivative of -h**5/60 - h**4/8 + 74*h**3/3 + h**2. What is the remainder when u(0) is divided by 50?
48
Suppose -2*r - 3 = -5*n + 7, 2*n - 3*r + 7 = 0. Suppose -3*o = 5*j - 4*o - 266, -102 = -2*j - n*o. Calculate the remainder when j is divided by 11.
9
Let b be 410 + 3 + 0/1. Suppose -259 = -3*u + v, 0 = -5*u + v - 4*v + b. Suppose 215 = 5*s + u. Calculate the remainder when 101 is divided by s.
23
Suppose 4*p - 432 = -3*z, -381 = -4*p + 3*z + 75. What is the remainder when 331 is divided by p?
109
Suppose 0 = -11*k + 9*k + 352. Let n be k/18 - (-4)/18. Suppose 2*s - n - 30 = 0. Calculate the remainder when 39 is divided by s.
19
Let v(k) be the third derivative of -k**5/60 - 5*k**4/24 + k**3/3 + 2*k**2. Let u be 40/(-14) - (-2)/(-14). What is the remainder when v(u) is divided by 2?
0
Suppose -f - 15 = -0*f + 5*a, -f - 4*a - 13 = 0. Let i(r) = r**2 + 8*r + 26. Calculate the remainder when 42 is divided by i(f).
9
Suppose -6*x + 2*x + 655 = 3*n, 0 = 3*n + 2*x - 665. What is the remainder when n is divided by 53?
13
Suppose 2*b + 1 - 7 = 0. Suppose b*q - 5*s - 13 = 0, -2*s + s + 26 = 2*q. Let p(d) = -d**2 + 10*d + 13. Calculate the remainder when 6 is divided by p(q).
0
Suppose -p + 5*x = 6, 4*p = 9*p - x - 90. Let g = -13 + p. Calculate the remainder when 9 is divided by g.
3
Let j = -37 + 39. Let p(t) = -t**3 - t**2 + 2. Calculate the remainder when p(-3) is divided by 9 - (11 - j)*2/(-6).
8
Let x(i) = 23*i - 14 + 27 + 1. Let t be x(8). Suppose -t = -8*d + 2*d. What is the remainder when d is divided by 7?
5
Calculate the remainder when 117 is divided by (5 - 0) + 46 + -40.
7
Let w = 12 - -279. What is the remainder when w is divided by 42?
39
Suppose -200 = 80*a - 90*a. Calculate the remainder when 54 is divided by a.
14
Suppose 3*p + 5*v = 7*v + 127, 4*p - 171 = 3*v. What is the remainder when p is divided by 5?
4
Suppose -85 = -3*k + 2. Let u = k - 20. Suppose 139 = 4*v + x, -3*x + 7*x - 114 = -3*v. Calculate the remainder when v is divided by u.
7
Suppose 0 = -5*p + 25, 6*p = -3*b + 4*p + 70. What is the remainder when 37 is divided by b?
17
Let j = -2102 - -2535. Calculate the remainder when j is divided by 124.
61
Suppose -r - 16 = -5*r. Suppose 14 = t + r*m, -5*m = -4 - 11. Suppose t*z = 3*z - 28. Calculate the remainder when z is divided by 15.
13
Let h be 3*(-38)/6*-2. Suppose -44*l = -h*l - 78. What is the remainder when 24 is divided by l?
11
Let u(t) = -t**3 + 20*t**2 + 23*t - 33. What is the remainder when 20 is divided by u(21)?
2
Suppose 0 = -7*g - 103 + 362. What is the remainder when 221 is divided by g?
36
Let z(d) = d**3 + 16*d**2 + 13*d + 12. Let w be z(-8). Suppose -8*l + 148 = -w. What is the remainder when l is divided by 12?
11
Let w(m) = -15*m - 13. Suppose -4*j = -4*u + 20, 3*u + 10 = 7*u + j. Suppose 57 - 9 = u*c. What is the remainder when w(-5) is divided by c?
14
Suppose 902 = 3*k - m, 7*m = -2*k + 2*m + 607. Let t = k + -277. Suppose 2*d + 27 = 5*d. What is the remainder when t is divided by d?
6
Suppose -3*k = 5*r - 43 - 23, -r + 18 = -k. What is the remainder when (-1)/(-2) - 171/(-2) is divided by r?
11
Suppose -2*b - 3*l - l = 10, 5*b + 25 = l. What is the remainder when (612/10)/(-6)*b - -1 is divided by 19?
14
Suppose 0 = -7*y + 69 - 349. Let r = 41 + y. Calculate the remainder when 14 is divided by r.
0
Let f = -525 - -698. Calculate the remainder when f is divided by 16.
13
Suppose -3*q + 1 = -14. Suppose -2*h - 25 = 5*l, -3*h - 29 = -2*h - 3*l. Let n = -11 - h. Calculate the remainder when n is divided by q.
4
Let g(t) = 9*t**2 - 39*t + 5. What is the remainder when g(7) is divided by 16?
13
Let s(n) = 4*n - 4. Let g be s(3). Let u be (g/(-24))/((-2)/18). Suppose u*q + 2*q - 65 = 0. What is the remainder when 24 is divided by q?
11
Suppose -i = j + 3, -2*i = -3*j + 14 - 38. Let c be ((-3)/(-2))/((-3)/j). What is the remainder when c*(380/6)/5 is divided by 8?
6
Let j(i) = -i**3 + 7*i**2 + i - 3. Let z = -26 - -28. Suppose -v + 11 = -z. Calculate the remainder when v is divided by j(7).
1
Let g(j) = -2*j + 27. Let b be (-34)/51 - (-35)/3. Let s be g(b). Suppose s*r = 3*r + 20. What is the remainder when 17 is divided by r?
7
Let d = 3078 - 3065. Calculate the remainder when 0 - (-60)/(0 - -1) is divided by d.
8
Let m = -80 - -50. Let r = m + 32. What is the remainder when 6 is divided by r?
0
Let j(s) = s**3 + 3*s**2 - 15*s + 14. Let a be j(6). Let h = a + -234. Calculate the remainder when 40 + (0 - 0) + 1 is divided by h.
13
What is the remainder when -39*(-12)/12 + 0/(-2) is divided by 8?
7
Let x = 2903 - 2896. Calculate the remainder when 20 is divided by x.
6
Suppose x + 13 = -u, -8 = -2*x - 2*x. Calculate the remainder when 63 is divided by ((-6)/(-4))/(2*u/(-440)).
19
Let x = 33 + -10. Suppose -p + x = -5. Calculate the remainder when p is divided by 6.
4
Suppose -73*h + 1585 = -51559. What is the remainder when h is divided by 43?
40
Let n be (124/(-16))/((-2)/8). Suppose -3*l + 23 = -4*t + 2*t, 3*l = 4*t + n. What is the remainder when 15 is divided by l?
0
Let t(q) = -40*q - 360. Calculate the remainder when t(-12) is divided by 26.
16
Suppose 0 = 60*b - 56*b - 592. Calculate the remainder when b is divided by 31